pose 4*h + 5 = -3*f, 3*f = -2*h - 0*f - 1. What is the tens digit of (-1)/(h/330) + 8 + -5?
6
Let f = -64 + 131. What is the tens digit of f/3 - (-32)/(-24)?
2
What is the units digit of 2/(-12 + 41412/3450)?
5
Suppose 4*u + 10 = -u. What is the units digit of ((-9)/18)/(u/236)?
9
Suppose 0 = 7*k - 15*k + 1144. What is the hundreds digit of k?
1
Let x be 546/(-10) + 7/((-70)/4). What is the tens digit of -1 - (-2 + (1*x)/1)?
5
Suppose -2*p = 111 - 29. Let q be (80/(-24))/((-1)/18). Let j = q + p. What is the units digit of j?
9
Let b(t) = t**3 - 8*t**2 + 11*t - 7. Let d be b(7). Let p(m) = -13 - 11*m + m**2 + 38 - d. What is the units digit of p(11)?
4
Let t = 585 - 547. What is the tens digit of t?
3
Suppose 0 = -5*c - 10, 58*x - 54*x - 2040 = -2*c. What is the tens digit of x?
1
Suppose 0 = -21*p - 17841 + 82479. What is the thousands digit of p?
3
Suppose 0 = 2*y - 5*y - 2*c + 38, -2*c - 74 = -4*y. Suppose -v - 5 + y = -f, -3*f - 25 = -2*v. What is the units digit of v?
8
Let a(t) = -4*t + 3. Suppose 0 = 2*k - x + 1, -5*x - 2 = k - 4*x. Let n = -6 - k. What is the units digit of a(n)?
3
Suppose 4*s = 9 - 25. What is the units digit of -3*s/(-12) - -55?
4
Suppose 14*w - 13*w = -7. Let j(h) = h**3 - 9*h**2 + 4*h - 9. Let m be j(8). What is the tens digit of (m + (w - -3))/(-1)?
4
Let x(b) = b**2 + 9*b - 20. Let s(t) = 1. Let a(d) = 4*s(d) + x(d). Let k be a(8). Suppose -6 = -7*y + k. What is the tens digit of y?
1
Let d(x) be the second derivative of -x**5/20 + x**4/3 + 5*x**3/3 - 9*x**2/2 + 27*x. What is the tens digit of d(4)?
3
Let y(z) = 15*z - 109. What is the units digit of y(10)?
1
Suppose 0 = -v + z - 0 + 3, 2*z = -2*v - 6. Let f be (2 - v)/((-3)/(-6)). Suppose f*q - 63 = 61. What is the tens digit of q?
3
Let d(k) = -k**2 - k + 4. Let z be d(4). What is the units digit of (-268)/(-7) - (z/28)/(-2)?
8
Suppose -43279 = -31*s + 6972. What is the units digit of s?
1
Let o(r) = -13*r + 16. Let i(g) = -14*g + 16. Let x(v) = 6*i(v) - 5*o(v). What is the hundreds digit of x(-5)?
1
Let x(z) = z + 4. Let b be x(-2). Suppose 4*c + 122 = b*l, -2*l - c + 58 = -l. What is the units digit of l?
9
Let m(l) = -359*l - 1391. What is the units digit of m(-19)?
0
Suppose 17314 = 5*r - d, 2*r - 37*d - 6924 = -35*d. What is the hundreds digit of r?
4
Let q(y) = -y**2 - 38*y + 24. What is the units digit of q(-10)?
4
Suppose -5*c = -181 + 1. What is the units digit of c/48 + (-5)/(-4)?
2
Suppose -3*p = r - 471, 5*p + 251 + 196 = r. What is the hundreds digit of r?
4
Suppose -2*r + 17 = 11. Suppose -v = 3*i - 77, -2*v + r*v - 101 = -4*i. What is the units digit of i?
4
Suppose 3*o - 50 = 4*g, 3*g + 30 = 4*o + 5*g. Suppose -o*z = 8*z - 4050. What is the tens digit of z?
2
Let n be 47 - 4/(-3 + -1). Suppose -2*f = 4*h - 150, 0 = h - 2*h - 4*f + n. Suppose -3*a = 0, -2*a = -4*r + 2*r + h. What is the tens digit of r?
1
Let x(i) = -10*i. Let q(j) = -10*j - 1. Let z(b) = 3*q(b) - 2*x(b). Suppose -3*k + 2*f = -0*k + 2, -3*f = 6. What is the units digit of z(k)?
7
Suppose 4*q = 8*q + 4. What is the tens digit of q + 60*(-8)/(-12)?
3
Let u(a) = -a**2 + 5*a. Let x be u(5). Suppose 3*r - 10 - 122 = x. Let l = r + -25. What is the units digit of l?
9
Suppose 3 - 6 = -3*n. Let r(l) = -8 - n + l**2 - 7*l + 15*l. What is the units digit of r(-11)?
4
Let q be 2 + -2 + 2620/(-1 - -5). Suppose 4*f - q = -f. What is the units digit of f?
1
Let r = -3227 - -4586. What is the thousands digit of r?
1
Let f = 59 + -34. Suppose -4*s + 12 = -16. Suppose 4*z - 85 = -3*t, t - s = -5*z + f. What is the tens digit of t?
2
What is the hundreds digit of ((-3708)/48)/(2/(-8) + 0)?
3
Suppose -2842 - 1864 = -13*d. What is the units digit of d?
2
Let q(y) = 47*y + 11. Let i = -29 - -33. What is the units digit of q(i)?
9
What is the hundreds digit of (-12683)/(-6) - (-329)/282?
1
Let i(l) be the second derivative of 3*l**5/20 + l**4/3 + l**3/2 + l**2 + l. Let w be i(-2). What is the tens digit of 1*17 - 0/w?
1
Let u = 663 + -247. What is the tens digit of u?
1
Let j = -30 - -22. Let t be ((-1)/(-4))/(j/(-1184)). What is the units digit of t + 3 + -1 + 0?
9
Suppose -9*h = -8*h + 2. What is the tens digit of (-169)/(-4) - h/(-8)?
4
Let l(i) = 4*i**2 - 9*i - 30. What is the tens digit of l(-7)?
2
Let t(h) = 8*h**2 + 12*h - 14. What is the tens digit of t(-9)?
2
Suppose -4*s = z + 3*z - 100, -6 = -3*z. Let q be s - (-1 - -3) - -2. Let x = 45 - q. What is the tens digit of x?
2
Let g(y) = 10*y - 3. Let t be g(-28). Let w = 483 + t. What is the hundreds digit of w?
2
Let g = -10 - -21. Let q(y) = -3*y**2 + g*y - 9*y**2 + 4 + 11*y**2 + 1. What is the units digit of q(6)?
5
Let h(s) be the first derivative of -s**4/4 - s**3 + 5*s**2/2 + 8*s - 28. What is the units digit of h(-6)?
6
Suppose 8*a = 11*a - 12. Suppose a*d + 460 = -0*d. Let n = -71 - d. What is the units digit of n?
4
Let n(w) = -35*w + 5. Let d be (-6)/(-21) - 32/14. Let x be n(d). Suppose -57 = -3*y - 0*p + p, p + x = 4*y. What is the units digit of y?
8
Suppose 2*z = 17*z - 2730. Let l = 25 - 13. Suppose -4*i + z = -0*i - 2*n, 4*n - l = 0. What is the units digit of i?
7
Suppose 55 + 5 = -12*b. Let c(x) = -4*x - 4*x**2 - x**3 - 1 - 7*x - x**2 + x. What is the tens digit of c(b)?
4
What is the hundreds digit of (-9417)/86*8/(-1)?
8
Let a(j) = -j**3 - j**2 + 2*j + 40. Let x = -23 - -23. What is the tens digit of a(x)?
4
Suppose 15*v - 218 = 592. What is the tens digit of v?
5
Suppose 22*o + 17548 = 63*o. What is the hundreds digit of o?
4
Let v(n) = -n**3 - n**2 - n + 6. Suppose -4*z + 80 = -0*z. Suppose g + 3*g - 4*t = -z, 3*g + 4*t = 20. What is the units digit of v(g)?
6
Suppose -56 = 4*d - 192. Let k be ((-1 - -2) + -7)*20/8. Let x = d + k. What is the units digit of x?
9
Let f(n) = 24*n + 3. Let t be f(-9). Let o = -133 - t. What is the units digit of o?
0
Let v = -395 + 1187. What is the tens digit of v?
9
Let v(t) = -t**3 - 13*t**2 + 38*t + 51. What is the units digit of v(-18)?
7
Let n = 264 + -140. What is the units digit of 3 - (1 + n/(-2))?
4
Let p(x) = x + 84. Suppose 2*o = -5*w + 10, 4*w - 8 = -2*o - 0. What is the tens digit of p(o)?
8
Suppose -5*b + 310 = 5*d, 2*d + 56 = -b + 2*b. Let z = b - 25. What is the units digit of z?
5
Suppose -3*a + 4*u = 5*u - 227, -4*u = -5*a + 350. Let g = a - 69. What is the units digit of g?
5
Suppose 301 = 5*z - 304. Suppose o = y + 5*o - 9, 5*y - z = -o. What is the units digit of y?
5
Let w(r) = 5*r**2 - 15*r + 1. Let g(a) be the second derivative of -a**4/3 + 7*a**3/3 - 3*a. Let z(n) = 4*g(n) + 3*w(n). What is the units digit of z(9)?
1
Suppose 3*q - 2114 = 2*n, 16*q - 14*q + 3*n = 1418. What is the units digit of q?
6
Let g = -232 + 398. What is the tens digit of g?
6
Let n be -12*(4/(-3) + -1). Suppose 0 = -3*b + 29 - 23. Suppose b*r = -0 + n. What is the tens digit of r?
1
Suppose -l = -3*l + 78. Suppose 1652 = 46*r - l*r. What is the tens digit of r?
3
Let n(s) = 5*s**3 - 60*s**2 + 24*s + 91. Let b(o) = o**3 - 12*o**2 + 5*o + 18. Let x(g) = -11*b(g) + 2*n(g). What is the tens digit of x(5)?
2
Suppose 29*o = 26*o - 5*a + 3850, -4*o - 5*a = -5130. What is the hundreds digit of o?
2
Let x(b) = 17*b**2 - 32*b - 18. What is the units digit of x(11)?
7
Let f be (-48)/(-12) - 1*-2. What is the hundreds digit of 10790/55 - 0 - f/33?
1
What is the units digit of 2/7 + 102600/168 - 4?
7
Suppose 0 = u - p - 714, -23*u - p - 2150 = -26*u. What is the tens digit of u?
1
What is the units digit of 34 + 5 + (-6 - -7)?
0
Let s = -16 + 21. Suppose -c - 155 = -5*d - 0*c, 5*d + s*c - 185 = 0. What is the units digit of d?
2
Let y(o) be the first derivative of 1/4*o**4 - 6*o - 7/2*o**2 - 10/3*o**3 - 4. What is the tens digit of y(11)?
3
Suppose 5*t - 200 = 355. What is the hundreds digit of t?
1
Suppose -a = 5*p + 25, -p = -5*a - 3*p - 10. Suppose a*k = 16*k - 2320. What is the units digit of k?
5
Let q be (100/(-6))/(-2) - 2/6. Suppose q*k - 720 = -k. What is the tens digit of k?
8
Let f(j) = -j**3 + j**2 - 22*j + 2333. What is the thousands digit of f(0)?
2
Suppose 17*l - 13*l + 96 = 0. What is the tens digit of 326/6 - l/36?
5
Let l be (-4 - 3) + 4 + 13. Let f(q) = -3*q - l + 7*q - 20 + 4. What is the tens digit of f(13)?
2
Let s = 90 - 216. Let p = s - -81. What is the units digit of (-2305)/